 k = a - -12. Let z(m) = m**2 - 5*m. Calculate z(k).
24
Let d(c) = -c + 27. Let w be (10/((-120)/18) - 3/(-2))/(-1). Give d(w).
27
Let d(z) = z**3 + 7*z**2 + z - 3. Let r(g) be the second derivative of g**5/20 - g**4/3 + 3*g**2/2 + 3*g. Let o be r(5). Suppose a + o = 21. What is d(a)?
-10
Let w(q) = 4*q**2 + 2*q + 12 - 10 + 8*q**2 - 1 + 2*q**2. Give w(-1).
13
Let j(c) = 11*c - 21. Let s = 37482 - 37474. Calculate j(s).
67
Suppose -11*y + 5*y = -42. Let b(p) be the first derivative of -p**3/3 + 4*p**2 - 9*p + 108. Give b(y).
-2
Let t(b) = 46*b - 46. Let c be t(3). Suppose 10*s + 32 - c = 0. Let n(d) = d - 1. Calculate n(s).
5
Let k(j) = -11*j**2 - 17*j + 7. Let t(m) = 11*m**2 + 8*m - 3. Let o(d) = -9*d**2 - 8*d + 3. Let q(l) = -3*o(l) - 2*t(l). Let s(r) = 4*k(r) + 9*q(r). Give s(-2).
-3
Let v(j) be the third derivative of -4/3*j**3 + 0 + 0*j + 1/10*j**5 + 1/12*j**4 - 60*j**2 - 1/120*j**6. Determine v(6).
4
Suppose 2 - 20 = -3*y. Let i(j) = -5*j**3 - 11*j**2 - j - 13. Let m = 29 + -42. Let k(x) = -11*x**3 - 23*x**2 - x - 27. Let b(n) = m*i(n) + 6*k(n). Give b(y).
13
Let b(a) = -a**2 + a - 1. Let r = -51 + 12. Let o be r/26 + 2/4. Let s be (6/(-4) + o/(-2))/(-1). What is b(s)?
-1
Let j(n) = 3*n**3 - 10*n**2 + 9*n - 21. Let u(c) = 7*c**3 - 21*c**2 + 20*c - 50. Let l(i) = 9*j(i) - 4*u(i). What is l(-6)?
5
Let x(b) = -b**2 + 4*b + 5. Suppose h + 7*a = 5*a + 51, -231 = -5*h - 2*a. Suppose -5*m - 25 = -h. What is x(m)?
5
Suppose -4*a + 4 = 0, 37 = -3*h + 2*a + 14. Let m(p) = p**2 - p - 29. Calculate m(h).
27
Let f be (-10)/25 - 117/45. Let j(k) = k**3 + 2*k**2 + 17*k + 57. Determine j(f).
-3
Let n(d) = d**3 - 55*d**2 + 7*d - 382. Let i be n(55). Let p(m) be the third derivative of -5*m**2 + 0*m - 1/6*m**i + 0 - 1/24*m**4. Determine p(-3).
2
Suppose -5*w = 41 - 61. Suppose -3*a + 5 = -6*g + w*g, -5*g = -a + 6. Let j(l) = -5*l - 1. Calculate j(g).
4
Suppose 5*s = g - 18, 4*g = g + 4*s + 21. Let k be 1 + 41 + (-6 + g)/3. Let y = 39 - k. Let a(m) = -m**3 - 3*m**2 + 3*m + 3. What is a(y)?
-7
Let w be (-9)/6*4/6. Let g(z) be the third derivative of 1/6*z**3 - 1 - 15*z**2 - 2/3*z**4 + 0*z. Determine g(w).
17
Let h be ((-120)/90)/((-2)/6). Suppose -h*c - 51 = 13*c. Let q(u) = -u**2 - 4*u - 1. What is q(c)?
2
Let s(k) = -25*k - 2. Suppose -4*q = -3*i + 182, 5*i = 3*i - 4*q + 88. Let l be 80/(-1160) - i/58. Give s(l).
23
Let b(m) be the third derivative of -m**5/60 + m**4/2 - m**3/3 - 78*m**2. Let t(k) = -3*k**2 + 34*k - 5. Let w(g) = 11*b(g) - 4*t(g). Determine w(4).
-2
Let h(v) = 9*v - 10. Let u be h(7). Let s be 32 - 30 - 8*8. Let m = u + s. Let x(w) = w**3 + 8*w**2 - 10*w - 9. What is x(m)?
0
Let t(q) = -5*q**3 - 14*q**2 - 12*q + 7. Let m = 227 + -231. Let w(v) = -6*v**3 - 15*v**2 - 13*v + 7. Let x(g) = m*w(g) + 5*t(g). What is x(-9)?
-2
Let n(w) = 8*w - 48. Suppose 3 = 8*r - 53. Determine n(r).
8
Let t(o) = o**2 - 7*o + 4. Let r be 24/16*6/3. Determine t(r).
-8
Suppose 4*c - 10 = -3*t, c - 3 = -t - 1. Let b(o) = 9*o**3 - 26*o**3 + 2*o**2 - 2 + 18*o**3. Give b(t).
-2
Let u(v) be the third derivative of v**4/2 - 67*v**3/6 + 7*v**2 + v. Calculate u(6).
5
Let i(b) be the first derivative of -b**4/24 + 13*b**3/6 - 7*b**2/2 + b - 80. Let m(a) be the second derivative of i(a). Determine m(9).
4
Suppose -14*j = 3*j. Suppose -4*g - 66 + 86 = j. Let o(r) = -r**3 + 4*r**2 + 3*r + 15. Give o(g).
5
Let h(d) = d + 2. Let j(g) = g**2 + 10*g + 19. Suppose -36 = 4*l - 12. Let v be j(l). Determine h(v).
-3
Suppose 0 = -4*o - 5*c + 45, -23*o - 2*c = -27*o + 10. Suppose -14 = -5*q - 4*u, -21 = -q + 5*u + o. Let y(z) = 3*z + 5. Determine y(q).
23
Let i(k) be the third derivative of -93*k + 2*k**2 - 2*k**3 - 3/8*k**4 - 1/60*k**5 + 0. Calculate i(-7).
2
Let v(w) = -40*w + 3558. Let a be v(89). Let k(n) = 2*n**3 + 2*n**2 - 4*n - 3. Calculate k(a).
-3
Let j = -62 + 98. Let r be 28/(4 + j/(-10)). Let w be 2*((-4)/10 + 133/r). Let l(k) = -k + 3. Calculate l(w).
0
Let s(l) = 7*l**3 - 4*l**2 + 2*l. Suppose j + 5*g - 10 - 7 = 0, 0 = 4*j + 4*g - 20. Give s(j).
44
Suppose 32 = 12*g + 56. Let j(n) = -n**2 + 1. Let w(l) = 3*l**2 + l. Let x(f) = -j(f) - w(f). Give x(g).
-7
Let s(o) be the third derivative of -o**5/60 - 17*o**4/24 - 19*o**3/6 - 7*o**2 - 5. What is s(-15)?
11
Let y(c) = -15*c - 4*c + c - 5*c - 93 - 74. Give y(-7).
-6
Let z(i) = i**2 + 2*i - 4. Let c(d) = -d**2 + 23*d. Let l be (-1)/((-5)/100 - 0). Let g be c(l). Let m = 56 - g. Calculate z(m).
4
Let n be ((-90)/20)/(102/(-68)). Let p(f) = -2*f**3 + 9*f**2 - 9*f + 5. Determine p(n).
5
Suppose 0 = -5*b - 0*b + 15. Let l be 5 + -4*b/6. Let f(o) = -12*o**3 - 3*o**2 + o**2 + l*o**2. Give f(-1).
13
Suppose j - 7 = -2*j + t, 0 = -4*j - 2*t + 26. Let v(i) = -2*i - j*i**2 - 4*i**2 + 9*i**2 - 5 - 5*i. What is v(6)?
-11
Let b(w) = w - 54. Let h(j) = j - 27. Let t(x) = -3*b(x) + 7*h(x). Let p(v) = v - 9. Let l(o) = 7*p(o) - 2*t(o). Give l(-13).
4
Let m(u) be the first derivative of u**2/2 + 5*u + 86. Let i = 1869 - 1863. What is m(i)?
11
Let y(u) = -2*u**2 + 9*u - 5. Let r(x) = -x**3 - x**2 + 8*x - 4. Let d(m) = -5*r(m) + 4*y(m). Determine d(-1).
-4
Let f(a) = a**3 + 6*a**2 - 4*a + 6. Let n(c) = c**3 - 5*c**2 - 9*c + 38. Suppose 6*g = 3*r + g - 15, 0 = 2*r - 4*g - 10. Let y be n(r). Determine f(y).
-15
Let m(y) be the first derivative of 11*y**2/2 + 5. Let b(w) = 9*w - 1. Let s(v) = -6*b(v) + 5*m(v). Calculate s(-9).
-3
Let s(g) = -g - 12. Suppose 5*q - 2*z - 28 = -z, -5*q = z - 22. Suppose -6 = 2*v - q*c, -14 = 3*v - c + 8. Determine s(v).
-4
Let f(q) = 2*q**3 - 2*q**2 - 3*q + 3. Suppose -27*c = 11 + 16. Let s be -2 + c - (7 - 12). Calculate f(s).
5
Let m be 6 - 7/(28/20). Let r be 9/3*(m + (-12)/18). Let k(v) = 4*v**2 - 2*v + 1. What is k(r)?
3
Let t(n) be the first derivative of n**4/4 + 5*n**3/3 + n**2/2 + 90. Suppose 0 = w + 2 + 6. Let o = w - -5. Determine t(o).
15
Let t = 724 + -713. Let n(m) = -3*m**3 + 33*m**2 + m - 11. Let b be n(t). Let a(y) = -y**3 + y**2 + 16. Calculate a(b).
16
Let q(c) = 6*c**2 - 7*c + 34. Let a(b) = 18*b**2 - 20*b + 100. Let r(i) = -3*a(i) + 8*q(i). Let v(k) = k**2 - k - 1. Let z(o) = -r(o) - 5*v(o). Calculate z(0).
33
Let r(g) = 19*g - 65. Let i be -2*26/(-260)*15. Calculate r(i).
-8
Let u = 5 + -5. Let t(q) be the second derivative of -q**5/20 - q**4/12 - q**3/6 - 9*q**2/2 + 3*q + 28. Give t(u).
-9
Suppose -15*d - 79 + 334 = 0. Let f(g) = g**3 - 16*g**2 - 19*g + 25. Determine f(d).
-9
Let z = -130 - -194. Let u be (-4)/(z/(-12))*(-24)/(-9). Let t(k) = -43*k**u + 44*k**2 - 4 + 2 - k. What is t(4)?
10
Suppose -2*x = -h - 9, -3*x = 2*h - 82 + 100. Let n = -2 - -2. Let c(l) = 3*l - 1 - 2*l + n. Calculate c(x).
-1
Let k(h) = 24*h - 47*h + 26*h - 68 + 60. Calculate k(-14).
-50
Let w(k) = 3*k**3 - k**2 + 2*k - 1. Suppose -2 = 5*b - 4*j + 12, -4*j = -b - 22. What is w(b)?
23
Let i be (-2*18/(-8))/(1215/1620). Let t(y) = -3*y + 55. Give t(i).
37
Let w(c) = 4*c**2 + 158*c - 703. Let i be w(4). Let a(h) = -2*h + 0*h - h**2 - 4*h + 2. Calculate a(i).
-5
Let g(i) = 6*i - 17. Suppose -6*h + 61 = -28*h + 149. What is g(h)?
7
Let y(n) = -30*n**3 + 714*n - n**2 - 1429*n + 717*n. Give y(1).
-29
Suppose -83 = -5*t + v - 61, -v = -2*t + 7. Let y(a) = -11*a + 53. Give y(t).
-2
Let i(n) = -69*n + 77. Let g(w) = 43*w - 51. Let l(s) = 8*g(s) + 5*i(s). Calculate l(-7).
-16
Let y(s) = 3*s**2 + s + 2. Let c(d) = -12*d**2 + d. Let g(p) = -c(p) - 3*y(p). Determine g(-3).
33
Let q(k) be the third derivative of k**7/5040 + k**6/90 - k**5/60 + 4*k**2. Let a(b) be the third derivative of q(b). Suppose 6 + 24 = 5*y. What is a(y)?
14
Let u(b) be the second derivative of b**5/20 - 3*b**4/4 + 7*b**3/6 - 5*b**2/2 + 522*b. Let y be -20 + 20 - (4 - 2)*-4. Calculate u(y).
-13
Let m(n) = n**2 - 6*n - 2. Suppose 0 = c - 5*c + 72. Suppose -6*r + c*r - 36 = 0. Give m(r).
-11
Let n(i) = -7*i. Let b(v) = -21*v + 1. Let l(o) = b(o) - 4*n(o). What is l(-1)?
-6
Let t be (-8)/40 + (-29)/5. Let a(v) be the first derivative of -v**3/3 - 5*v**2/2 - 6*v - 1293. What is a(t)?
-12
Let c(w) = -2*w + 6. Let m(h) = -3*h + 6. Let a(u) = -5*c(u) + 4*m(u). Suppose 0 = -8*o - 24. Let t be a(o). Let l(j) = j**3 - j**2 - 16. Determine l(t).
-16
Let x(v) be the second derivative of v**4/12 - 2*v**3/3 - 3*v**2/2 + 89133*v. Let p(j) = j - 2. Let m be p(6). What is x